= 2*y**2 - 11*y + 10. Let w(n) = 5*b(n) + 3*z(n). What is the remainder when 59 is divided by w(-11)?
19
Suppose 5*v = -s + 22, -7*s + 3*s + 136 = -4*v. Let y = -15 + 27. Calculate the remainder when s is divided by y.
8
Let s = -28 - -53. Calculate the remainder when 71 is divided by s.
21
Let k(l) = l**2 + l - 4. Let r be k(-3). Suppose 0 = c + 17 - r. Let i = c - -26. What is the remainder when i is divided by 6?
5
Let w(n) = n. Let q be w(-1). Let f(r) = -3*r**2 + r + 1. Let c be f(q). Let d = 11 - c. Calculate the remainder when 40 is divided by d.
12
Let k(t) be the third derivative of 31*t**5/60 + t**4/24 - 3*t**2. Calculate the remainder when k(1) is divided by 3/((-6)/11)*-2.
10
Suppose 3*d - 4*d - 9 = 0. Suppose -j + 5*h = -2, h + 82 = 5*j - 0*h. Let f = d + j. Calculate the remainder when f is divided by 3.
2
Let o(a) = -3*a. Let f(i) = -1 + 1 + 3*i. Let j(u) = 2*f(u) + 3*o(u). What is the remainder when 7 is divided by j(-1)?
1
Let x = 66 + -5. Let f = 57 - 36. What is the remainder when x is divided by f?
19
Suppose -2*m + 5*y = 11, 3*m + 2*y - 31 = -0*m. Suppose -3*d + 4*r + 21 = r, 4*r = 3*d - 26. Suppose d = -2*v + 6. What is the remainder when m is divided by v?
1
Suppose -y - 2 = -0*y. Let f(b) = 2*b**2 - 3*b - 2. Let z(v) = -v**3 - 5*v**2 + 3*v + 17. Calculate the remainder when z(-6) is divided by f(y).
11
Suppose -3 = c - 2*c. Suppose -m - 3*q + 27 = -18, -c*q = -3*m + 171. Calculate the remainder when m is divided by 14.
12
Suppose 0 = -o, 0 = 2*a - o + 3*o - 36. What is the remainder when 70 is divided by a?
16
Let h = -43 - -87. Let u(x) = x**3 - 11*x**2 + 2*x - 7. Suppose 33 = 2*n + n. What is the remainder when h is divided by u(n)?
14
Let h(j) = -j**2 + 17. Let i(z) = z. Let k be i(0). What is the remainder when 33 is divided by h(k)?
16
Let s = -30 + 50. Let o = -9 + s. What is the remainder when (41*(-6)/6)/(-1) is divided by o?
8
Let v(r) = 2*r**2 + 5*r + 82. What is the remainder when v(0) is divided by 21?
19
Let z(a) = 5*a - 1. What is the remainder when z(2) is divided by 2/(5*6/75)?
4
Let f be -3 + ((-32)/4)/(-2). Suppose a - 11 = f. What is the remainder when a is divided by 5?
2
Suppose -10*d + 4*d = -60. Calculate the remainder when 37 is divided by d.
7
Let x = 78 + -69. What is the remainder when 26 is divided by x?
8
Suppose -4*f = 3*h - 21 - 24, f = -2*h + 35. Calculate the remainder when (-4)/(-2) - (-71 - 0) is divided by h.
16
Suppose -z + 5 = -13. Calculate the remainder when 71 is divided by z.
17
Let f = 41 + -16. Calculate the remainder when f is divided by 2/(-5) + 752/80.
7
Let n(j) = j**2 - 3*j - 6. Let o be n(6). Calculate the remainder when 28 is divided by o - (-7 - -3 - -1).
13
Let v(i) be the second derivative of -i**4/12 + 4*i**3/3 - i**2/2 + i. Calculate the remainder when v(4) is divided by 6.
3
Let g = 10 - 5. Suppose -3*r + g*p - 4*p + 66 = 0, 0 = 2*r - 5*p - 31. Let l(v) = 12*v**2 - 3*v + 2. Calculate the remainder when l(2) is divided by r.
21
Calculate the remainder when (52/6)/(16/72) is divided by 14.
11
Let o(f) = 60*f**2 + f - 1. Let r be o(1). Suppose 5*b + 0 = r. Let g = -80 + 114. What is the remainder when g is divided by b?
10
Let o be (-1)/(-4) - (-3)/(-12). Suppose o = -2*c + c + 22. Suppose 0 = 5*h - 70 + 10. Calculate the remainder when c is divided by h.
10
Calculate the remainder when 25 is divided by -3 - (-20)/(2/1).
4
Suppose -112 = 2*l + 5*s - 337, 2*s + 347 = 3*l. Suppose -l - 15 = -5*o. Calculate the remainder when o is divided by 9.
8
Let k(f) = f**3 - 6*f**2 + 5*f - 3. Let c be k(4). Calculate the remainder when 61/3 - 10/c is divided by 12.
9
Let n be 2 - 2/(2/(-2)). Suppose -2*w - 50 = -n*w. Suppose -2*d - 5*y + 5 + 46 = 0, -3*d + y = -34. What is the remainder when w is divided by d?
12
Suppose 3*f + 7 = 52. Calculate the remainder when f is divided by (-4)/(-1)*(2 - 1).
3
Suppose 4*n + 3*p - 3 = 0, 2*n = 7*n + 5*p. Suppose 2*l + w - 15 = 0, l - n = 3*w + 8. What is the remainder when l is divided by -1 + 4 - 0/1?
2
Suppose -5*m + 3*j + 6 = 0, m - 5*j = -3*m - 3. Suppose 0 = -m*t + 16 + 74. What is the remainder when t is divided by 4/(-14) + 228/14?
14
Let x(w) = -2*w + 6. Let q be x(16). What is the remainder when 4/q - 186/(-26) is divided by 5?
2
Suppose -2*k = 5*o - 3*k - 2, -2*o - 5*k = 10. Suppose o = m + 2*m - 24. Calculate the remainder when m is divided by (-14)/(-3) + 1/3.
3
Let x = 303 - 208. What is the remainder when x is divided by 25?
20
Let w(k) = -k - 3. Let n be (1 + 2)/(1/(-2)). Calculate the remainder when 9 is divided by w(n).
0
Let k = 12 - 6. Let v be (k/(-5))/((-6)/20). Suppose -60 = -3*i + v*g, 4*i + 2*g - 70 + 12 = 0. What is the remainder when i is divided by 9?
7
Let g(r) = 31*r - 3. What is the remainder when g(1) is divided by 6?
4
Let y(l) = l**3 + 5*l**2 - 5*l + 6. Let v be y(-6). Let m be v - 5 - (-6)/2. What is the remainder when 55 is divided by m/(-5) + (-204)/(-15)?
13
Let b(m) = 5*m**3 + 8*m**2 + 3*m - 15. Let z(k) = -11*k**3 - 16*k**2 - 6*k + 30. Let j(p) = 9*b(p) + 4*z(p). What is the remainder when 25 is divided by j(-7)?
12
Let w = -29 - -62. What is the remainder when w is divided by 12?
9
Suppose 4*r = -5*a + 49, 2*r + 23 = 5*r + a. Calculate the remainder when 10 is divided by r.
4
Suppose 0 = 2*q + w - 74, -3*w - 2*w = -4*q + 148. Calculate the remainder when 72 is divided by q.
35
Suppose 21*w - 24*w = -42. Let m(t) = t**2 + 4. What is the remainder when m(-6) is divided by w?
12
Suppose x = -2*x + 12, -4*f + x + 120 = 0. Let t = f + -18. Calculate the remainder when 51 is divided by t.
12
Let a = 1 - 6. Let w = 18 + a. What is the remainder when 36 is divided by w?
10
Suppose 3*n + 220 = 5*q, -4*q + n = -q - 132. Suppose -r - q = -5*r. Let v(s) = -11*s - 1. What is the remainder when v(-3) is divided by r?
10
What is the remainder when (-22)/121 - (-1036)/11 is divided by 12?
10
Calculate the remainder when 44 is divided by (8 + -4 - -22) + -3.
21
Calculate the remainder when 61 is divided by 245/20 - (-3)/4.
9
What is the remainder when 3 - ((-612)/4)/3 is divided by 14?
12
Suppose -f + 0*a = a - 128, 0 = -2*f - 4*a + 248. Suppose 2*m = 5*l - m - 292, 0 = 2*l - 5*m - f. Calculate the remainder when l is divided by 19.
18
Let z(c) = 2*c**3 - c**2 - 6*c + 4. Let n be z(4). Suppose -o = -5*h + 94, -2*h = 2*h - 5*o - n. Calculate the remainder when 33 is divided by h.
15
What is the remainder when 152 is divided by (-5 - -25)/((15/6)/5)?
32
Let u = 6 - -3. Calculate the remainder when 32 is divided by u.
5
Let l = 196 + -131. What is the remainder when l is divided by 22?
21
Let y be (2/6)/((-8)/(-72)). Suppose z = -5*n + 45, -32 = -y*z + 5*n + 63. Calculate the remainder when z is divided by 12.
11
Suppose -10*r + 11 = -189. Calculate the remainder when r is divided by 6.
2
Let c(g) = -16*g + 5. Let t be c(-11). Suppose 5*a = -4*w + t, 3*a + 5*w + 89 = 208. Calculate the remainder when a is divided by 12.
9
Suppose 11*f = 73 + 70. Calculate the remainder when 23 is divided by f.
10
Let q be (1 - 3) + (-4 - -7). Let s(p) = 14*p**3 - 1. Suppose 0*j = 3*j + 5*h - 57, 0 = 3*h + 9. Calculate the remainder when j is divided by s(q).
11
Suppose 3*b = 3*s - 48, -3*s + 5*b - 46 = -4*s. Let y = 177 + -96. Calculate the remainder when y is divided by s.
18
Let i = 1 - 14. Let x = i + 22. What is the remainder when 26 is divided by x?
8
Calculate the remainder when ((-48)/30)/((-2)/45) is divided by 10.
6
Let d(j) = 3*j**3 - 2*j - 1. Let m be d(-1). Suppose -23 = 4*v - 99. Calculate the remainder when m - (87*-2)/3 is divided by v.
18
Suppose 60 = 6*a - 5*a. What is the remainder when a is divided by 22?
16
Suppose 6*b = 2*q + 3*b - 24, -q = 3*b - 3. Calculate the remainder when 32 is divided by q.
5
Suppose 42 + 43 = s. Calculate the remainder when s is divided by 22.
19
Suppose -3*t + 18 = -27. Let g be 2/4*1*6. Suppose g*i - 77 = 10. What is the remainder when i is divided by t?
14
Let c(b) be the first derivative of 6*b**3 - b - 2. Let p be (-3)/(-6)*1*-2. Calculate the remainder when c(p) is divided by 9.
8
Let x(h) = h**2 - 10*h - 5. Let l(s) = -4*s**2 + 31*s + 16. Let f(g) = 2*l(g) + 7*x(g). What is the remainder when 21 is divided by f(-5)?
9
Suppose 3*u + 52 = 7*u. Suppose -3*r + 2*z + 41 = 0, -2*r = r + 5